{"id":2812,"date":"2021-02-04T21:06:52","date_gmt":"2021-02-04T20:06:52","guid":{"rendered":"https:\/\/passhlondyn.eu\/?page_id=2812"},"modified":"2026-02-23T13:11:28","modified_gmt":"2026-02-23T12:11:28","slug":"2812-2","status":"publish","type":"page","link":"https:\/\/passhlondyn.eu\/?page_id=2812","title":{"rendered":"Ostatnie publikacje"},"content":{"rendered":"\t\t<div data-elementor-type=\"wp-page\" data-elementor-id=\"2812\" class=\"elementor elementor-2812\" data-elementor-post-type=\"page\">\n\t\t\t\t\t\t<section class=\"elementor-section elementor-top-section elementor-element elementor-element-19b6c1c elementor-section-boxed elementor-section-height-default elementor-section-height-default\" data-id=\"19b6c1c\" data-element_type=\"section\" data-e-type=\"section\">\n\t\t\t\t\t\t<div class=\"elementor-container elementor-column-gap-default\">\n\t\t\t\t\t<div class=\"elementor-column elementor-col-100 elementor-top-column elementor-element elementor-element-24772b3\" data-id=\"24772b3\" data-element_type=\"column\" data-e-type=\"column\">\n\t\t\t<div class=\"elementor-widget-wrap elementor-element-populated\">\n\t\t\t\t\t\t<div class=\"elementor-element elementor-element-5514030 elementor-widget elementor-widget-image\" data-id=\"5514030\" data-element_type=\"widget\" data-e-type=\"widget\" data-widget_type=\"image.default\">\n\t\t\t\t<div class=\"elementor-widget-container\">\n\t\t\t\t\t\t\t\t\t\t\t\t\t\t\t<img fetchpriority=\"high\" decoding=\"async\" width=\"209\" height=\"300\" src=\"https:\/\/passhlondyn.eu\/wp-content\/uploads\/2026\/02\/Bez-tytulu-209x300.png\" class=\"attachment-medium size-medium wp-image-16821\" alt=\"\" srcset=\"https:\/\/passhlondyn.eu\/wp-content\/uploads\/2026\/02\/Bez-tytulu-209x300.png 209w, https:\/\/passhlondyn.eu\/wp-content\/uploads\/2026\/02\/Bez-tytulu.png 573w\" sizes=\"(max-width: 209px) 100vw, 209px\" \/>\t\t\t\t\t\t\t\t\t\t\t\t\t\t\t<\/div>\n\t\t\t\t<\/div>\n\t\t\t\t<div class=\"elementor-element elementor-element-2806fad elementor-widget elementor-widget-text-editor\" data-id=\"2806fad\" data-element_type=\"widget\" data-e-type=\"widget\" data-widget_type=\"text-editor.default\">\n\t\t\t\t<div class=\"elementor-widget-container\">\n\t\t\t\t\t\t\t\t\t<h3 style=\"text-align: center;\"><strong><span style=\"color: #800000;\"><a style=\"color: #800000;\" href=\"http:\/\/passhlondyn.eu?download=16864&amp;tmstv=1771848398\" data-wplink-url-error=\"true\">Wspolczesne wyzwania edukacji, kultury, prawa i \u015brodowiska do pobrania.pdf<\/a><\/span><\/strong><\/h3>\t\t\t\t\t\t\t\t<\/div>\n\t\t\t\t<\/div>\n\t\t\t\t\t<\/div>\n\t\t<\/div>\n\t\t\t\t\t<\/div>\n\t\t<\/section>\n\t\t\t\t<section class=\"elementor-section elementor-top-section elementor-element elementor-element-d967071 elementor-section-boxed elementor-section-height-default elementor-section-height-default\" data-id=\"d967071\" data-element_type=\"section\" data-e-type=\"section\">\n\t\t\t\t\t\t<div class=\"elementor-container elementor-column-gap-default\">\n\t\t\t\t\t<div class=\"elementor-column elementor-col-100 elementor-top-column elementor-element elementor-element-b14b5ba\" data-id=\"b14b5ba\" data-element_type=\"column\" data-e-type=\"column\">\n\t\t\t<div class=\"elementor-widget-wrap elementor-element-populated\">\n\t\t\t\t\t\t<div class=\"elementor-element elementor-element-741da28 elementor-widget elementor-widget-image\" data-id=\"741da28\" data-element_type=\"widget\" data-e-type=\"widget\" data-widget_type=\"image.default\">\n\t\t\t\t<div class=\"elementor-widget-container\">\n\t\t\t\t\t\t\t\t\t\t\t\t\t\t\t<img decoding=\"async\" width=\"208\" height=\"300\" src=\"https:\/\/passhlondyn.eu\/wp-content\/uploads\/2025\/10\/Bez-tytulu-208x300.png\" class=\"attachment-medium size-medium wp-image-15982\" alt=\"\" srcset=\"https:\/\/passhlondyn.eu\/wp-content\/uploads\/2025\/10\/Bez-tytulu-208x300.png 208w, https:\/\/passhlondyn.eu\/wp-content\/uploads\/2025\/10\/Bez-tytulu-710x1024.png 710w, https:\/\/passhlondyn.eu\/wp-content\/uploads\/2025\/10\/Bez-tytulu-768x1107.png 768w, https:\/\/passhlondyn.eu\/wp-content\/uploads\/2025\/10\/Bez-tytulu.png 870w\" sizes=\"(max-width: 208px) 100vw, 208px\" \/>\t\t\t\t\t\t\t\t\t\t\t\t\t\t\t<\/div>\n\t\t\t\t<\/div>\n\t\t\t\t<div class=\"elementor-element elementor-element-2f6dc70 elementor-widget elementor-widget-text-editor\" data-id=\"2f6dc70\" data-element_type=\"widget\" data-e-type=\"widget\" data-widget_type=\"text-editor.default\">\n\t\t\t\t<div class=\"elementor-widget-container\">\n\t\t\t\t\t\t\t\t\t<h3 style=\"text-align: center;\"><a href=\"http:\/\/passhlondyn.eu?download=16371&amp;tmstv=1763716843\"><strong><span style=\"color: #800000;\">\u015awiat edukacji polonijnej &#8211; do pobrania<\/span><\/strong><\/a><\/h3>\t\t\t\t\t\t\t\t<\/div>\n\t\t\t\t<\/div>\n\t\t\t\t\t<\/div>\n\t\t<\/div>\n\t\t\t\t\t<\/div>\n\t\t<\/section>\n\t\t\t\t<section class=\"elementor-section elementor-top-section elementor-element elementor-element-1317692 elementor-section-boxed elementor-section-height-default elementor-section-height-default\" data-id=\"1317692\" data-element_type=\"section\" data-e-type=\"section\">\n\t\t\t\t\t\t<div class=\"elementor-container elementor-column-gap-default\">\n\t\t\t\t\t<div class=\"elementor-column elementor-col-100 elementor-top-column elementor-element elementor-element-baa90e9\" data-id=\"baa90e9\" data-element_type=\"column\" data-e-type=\"column\">\n\t\t\t<div class=\"elementor-widget-wrap elementor-element-populated\">\n\t\t\t\t\t\t<div class=\"elementor-element elementor-element-4ef7405 elementor-widget elementor-widget-image\" data-id=\"4ef7405\" data-element_type=\"widget\" data-e-type=\"widget\" data-widget_type=\"image.default\">\n\t\t\t\t<div class=\"elementor-widget-container\">\n\t\t\t\t\t\t\t\t\t\t\t\t\t\t\t<img decoding=\"async\" width=\"215\" height=\"300\" src=\"https:\/\/passhlondyn.eu\/wp-content\/uploads\/2025\/10\/2-215x300.png\" class=\"attachment-medium size-medium wp-image-15990\" alt=\"\" srcset=\"https:\/\/passhlondyn.eu\/wp-content\/uploads\/2025\/10\/2-215x300.png 215w, https:\/\/passhlondyn.eu\/wp-content\/uploads\/2025\/10\/2-734x1024.png 734w, https:\/\/passhlondyn.eu\/wp-content\/uploads\/2025\/10\/2-768x1072.png 768w, https:\/\/passhlondyn.eu\/wp-content\/uploads\/2025\/10\/2.png 931w\" sizes=\"(max-width: 215px) 100vw, 215px\" \/>\t\t\t\t\t\t\t\t\t\t\t\t\t\t\t<\/div>\n\t\t\t\t<\/div>\n\t\t\t\t<div class=\"elementor-element elementor-element-92b7064 elementor-widget elementor-widget-text-editor\" data-id=\"92b7064\" data-element_type=\"widget\" data-e-type=\"widget\" data-widget_type=\"text-editor.default\">\n\t\t\t\t<div class=\"elementor-widget-container\">\n\t\t\t\t\t\t\t\t\t<h3 style=\"text-align: center;\"><strong><span style=\"color: #800000;\"><a style=\"color: #800000;\" href=\"http:\/\/passhlondyn.eu?download=16008&amp;tmstv=1760452507\" data-wplink-url-error=\"true\">Cz\u0142owiek jako architekt \u017cycia &#8211; do pobrania<\/a><\/span><\/strong><\/h3>\t\t\t\t\t\t\t\t<\/div>\n\t\t\t\t<\/div>\n\t\t\t\t\t<\/div>\n\t\t<\/div>\n\t\t\t\t\t<\/div>\n\t\t<\/section>\n\t\t\t\t<section class=\"elementor-section elementor-top-section elementor-element elementor-element-49fc5a5 elementor-section-boxed elementor-section-height-default elementor-section-height-default\" data-id=\"49fc5a5\" data-element_type=\"section\" data-e-type=\"section\">\n\t\t\t\t\t\t<div class=\"elementor-container elementor-column-gap-default\">\n\t\t\t\t\t<div class=\"elementor-column elementor-col-100 elementor-top-column elementor-element elementor-element-fb6e8e2\" data-id=\"fb6e8e2\" data-element_type=\"column\" data-e-type=\"column\">\n\t\t\t<div class=\"elementor-widget-wrap elementor-element-populated\">\n\t\t\t\t\t\t<div class=\"elementor-element elementor-element-afbec5b elementor-widget elementor-widget-image\" data-id=\"afbec5b\" data-element_type=\"widget\" data-e-type=\"widget\" data-widget_type=\"image.default\">\n\t\t\t\t<div class=\"elementor-widget-container\">\n\t\t\t\t\t\t\t\t\t\t\t\t\t\t\t<img loading=\"lazy\" decoding=\"async\" width=\"212\" height=\"300\" src=\"https:\/\/passhlondyn.eu\/wp-content\/uploads\/2024\/03\/Bez-tytulu-212x300.png\" class=\"attachment-medium size-medium wp-image-13079\" alt=\"\" srcset=\"https:\/\/passhlondyn.eu\/wp-content\/uploads\/2024\/03\/Bez-tytulu-212x300.png 212w, https:\/\/passhlondyn.eu\/wp-content\/uploads\/2024\/03\/Bez-tytulu-725x1024.png 725w, https:\/\/passhlondyn.eu\/wp-content\/uploads\/2024\/03\/Bez-tytulu-768x1085.png 768w, https:\/\/passhlondyn.eu\/wp-content\/uploads\/2024\/03\/Bez-tytulu.png 919w\" sizes=\"(max-width: 212px) 100vw, 212px\" \/>\t\t\t\t\t\t\t\t\t\t\t\t\t\t\t<\/div>\n\t\t\t\t<\/div>\n\t\t\t\t<div class=\"elementor-element elementor-element-4a63059 elementor-widget elementor-widget-text-editor\" data-id=\"4a63059\" data-element_type=\"widget\" data-e-type=\"widget\" data-widget_type=\"text-editor.default\">\n\t\t\t\t<div class=\"elementor-widget-container\">\n\t\t\t\t\t\t\t\t\t<h3 style=\"text-align: center;\"><strong><span style=\"color: #800000;\"><a style=\"color: #800000;\" href=\"http:\/\/passhlondyn.eu?download=16017&amp;tmstv=1760452733\" data-wplink-url-error=\"true\">J\u0119zyk angielski w praktyce &#8211; do pobrania<\/a><\/span><\/strong>\u00a0<\/h3>\t\t\t\t\t\t\t\t<\/div>\n\t\t\t\t<\/div>\n\t\t\t\t\t<\/div>\n\t\t<\/div>\n\t\t\t\t\t<\/div>\n\t\t<\/section>\n\t\t\t\t<section class=\"elementor-section elementor-top-section elementor-element elementor-element-629c746 elementor-section-boxed elementor-section-height-default elementor-section-height-default\" data-id=\"629c746\" data-element_type=\"section\" data-e-type=\"section\">\n\t\t\t\t\t\t<div class=\"elementor-container elementor-column-gap-default\">\n\t\t\t\t\t<div class=\"elementor-column elementor-col-100 elementor-top-column elementor-element elementor-element-aa882bc\" data-id=\"aa882bc\" data-element_type=\"column\" data-e-type=\"column\">\n\t\t\t<div class=\"elementor-widget-wrap elementor-element-populated\">\n\t\t\t\t\t\t<div class=\"elementor-element elementor-element-dd82410 elementor-widget elementor-widget-image\" data-id=\"dd82410\" data-element_type=\"widget\" data-e-type=\"widget\" data-widget_type=\"image.default\">\n\t\t\t\t<div class=\"elementor-widget-container\">\n\t\t\t\t\t\t\t\t\t\t\t\t\t\t\t<img loading=\"lazy\" decoding=\"async\" width=\"222\" height=\"300\" src=\"https:\/\/passhlondyn.eu\/wp-content\/uploads\/2025\/10\/2-1-222x300.png\" class=\"attachment-medium size-medium wp-image-15997\" alt=\"\" srcset=\"https:\/\/passhlondyn.eu\/wp-content\/uploads\/2025\/10\/2-1-222x300.png 222w, https:\/\/passhlondyn.eu\/wp-content\/uploads\/2025\/10\/2-1-758x1024.png 758w, https:\/\/passhlondyn.eu\/wp-content\/uploads\/2025\/10\/2-1-768x1038.png 768w, https:\/\/passhlondyn.eu\/wp-content\/uploads\/2025\/10\/2-1.png 963w\" sizes=\"(max-width: 222px) 100vw, 222px\" \/>\t\t\t\t\t\t\t\t\t\t\t\t\t\t\t<\/div>\n\t\t\t\t<\/div>\n\t\t\t\t<div class=\"elementor-element elementor-element-10081f3 elementor-widget elementor-widget-text-editor\" data-id=\"10081f3\" data-element_type=\"widget\" data-e-type=\"widget\" data-widget_type=\"text-editor.default\">\n\t\t\t\t<div class=\"elementor-widget-container\">\n\t\t\t\t\t\t\t\t\t<h3 style=\"text-align: center;\"><span style=\"color: #800000;\"><strong><a style=\"color: #800000;\" href=\"http:\/\/passhlondyn.eu?download=16027&amp;tmstv=1760452928\" data-wplink-url-error=\"true\">Kompendium nauczyciela &#8211; psychologiczne i pedagogiczne aspekty pracy &#8211; do pobrania<\/a><\/strong><\/span><\/h3>\t\t\t\t\t\t\t\t<\/div>\n\t\t\t\t<\/div>\n\t\t\t\t<div class=\"elementor-element elementor-element-e914457 elementor-widget elementor-widget-text-editor\" data-id=\"e914457\" data-element_type=\"widget\" data-e-type=\"widget\" data-widget_type=\"text-editor.default\">\n\t\t\t\t<div class=\"elementor-widget-container\">\n\t\t\t\t\t\t\t\t\t<h3>\u00a0<\/h3>\t\t\t\t\t\t\t\t<\/div>\n\t\t\t\t<\/div>\n\t\t\t\t\t<\/div>\n\t\t<\/div>\n\t\t\t\t\t<\/div>\n\t\t<\/section>\n\t\t\t\t<\/div>\n\t\t","protected":false},"excerpt":{"rendered":"<p>Wspolczesne wyzwania edukacji, kultury, prawa i \u015brodowiska do pobrania.pdf \u015awiat edukacji polonijnej &#8211; do pobrania Cz\u0142owiek jako architekt \u017cycia &#8211; do pobrania J\u0119zyk angielski w praktyce &#8211; do pobrania\u00a0 Kompendium &#8230;<\/p>\n","protected":false},"author":1,"featured_media":0,"parent":0,"menu_order":0,"comment_status":"closed","ping_status":"closed","template":"","meta":{"footnotes":""},"class_list":["post-2812","page","type-page","status-publish","hentry"],"yoast_head":"<!-- This site is optimized with the Yoast SEO plugin v27.5 - https:\/\/yoast.com\/product\/yoast-seo-wordpress\/ -->\n<title>Ostatnie publikacje - Polish Academy of Social Sciences and Humanities<\/title>\n<meta name=\"robots\" content=\"index, follow, max-snippet:-1, max-image-preview:large, max-video-preview:-1\" \/>\n<link rel=\"canonical\" href=\"https:\/\/passhlondyn.eu\/?page_id=2812\" \/>\n<meta property=\"og:locale\" content=\"pl_PL\" \/>\n<meta property=\"og:type\" content=\"article\" \/>\n<meta property=\"og:title\" content=\"Ostatnie publikacje - Polish Academy of Social Sciences and Humanities\" \/>\n<meta property=\"og:description\" content=\"Wspolczesne wyzwania edukacji, kultury, prawa i \u015brodowiska do pobrania.pdf \u015awiat edukacji polonijnej &#8211; do pobrania Cz\u0142owiek jako architekt \u017cycia &#8211; do pobrania J\u0119zyk angielski w praktyce &#8211; do pobrania\u00a0 Kompendium ...\" \/>\n<meta property=\"og:url\" content=\"https:\/\/passhlondyn.eu\/?page_id=2812\" \/>\n<meta property=\"og:site_name\" content=\"Polish Academy of Social Sciences and Humanities\" \/>\n<meta property=\"article:modified_time\" content=\"2026-02-23T12:11:28+00:00\" \/>\n<meta property=\"og:image\" content=\"http:\/\/passhlondyn.eu\/wp-content\/uploads\/2026\/02\/Bez-tytulu-209x300.png\" \/>\n<meta name=\"twitter:card\" content=\"summary_large_image\" \/>\n<meta name=\"twitter:label1\" content=\"Szacowany czas czytania\" \/>\n\t<meta name=\"twitter:data1\" content=\"2 minuty\" \/>\n<script type=\"application\/ld+json\" class=\"yoast-schema-graph\">{\"@context\":\"https:\\\/\\\/schema.org\",\"@graph\":[{\"@type\":\"WebPage\",\"@id\":\"https:\\\/\\\/passhlondyn.eu\\\/?page_id=2812\",\"url\":\"https:\\\/\\\/passhlondyn.eu\\\/?page_id=2812\",\"name\":\"Ostatnie publikacje - Polish Academy of Social Sciences and Humanities\",\"isPartOf\":{\"@id\":\"https:\\\/\\\/passhlondyn.eu\\\/#website\"},\"primaryImageOfPage\":{\"@id\":\"https:\\\/\\\/passhlondyn.eu\\\/?page_id=2812#primaryimage\"},\"image\":{\"@id\":\"https:\\\/\\\/passhlondyn.eu\\\/?page_id=2812#primaryimage\"},\"thumbnailUrl\":\"http:\\\/\\\/passhlondyn.eu\\\/wp-content\\\/uploads\\\/2026\\\/02\\\/Bez-tytulu-209x300.png\",\"datePublished\":\"2021-02-04T20:06:52+00:00\",\"dateModified\":\"2026-02-23T12:11:28+00:00\",\"breadcrumb\":{\"@id\":\"https:\\\/\\\/passhlondyn.eu\\\/?page_id=2812#breadcrumb\"},\"inLanguage\":\"pl-PL\",\"potentialAction\":[{\"@type\":\"ReadAction\",\"target\":[\"https:\\\/\\\/passhlondyn.eu\\\/?page_id=2812\"]}]},{\"@type\":\"ImageObject\",\"inLanguage\":\"pl-PL\",\"@id\":\"https:\\\/\\\/passhlondyn.eu\\\/?page_id=2812#primaryimage\",\"url\":\"https:\\\/\\\/passhlondyn.eu\\\/wp-content\\\/uploads\\\/2026\\\/02\\\/Bez-tytulu.png\",\"contentUrl\":\"https:\\\/\\\/passhlondyn.eu\\\/wp-content\\\/uploads\\\/2026\\\/02\\\/Bez-tytulu.png\",\"width\":573,\"height\":824},{\"@type\":\"BreadcrumbList\",\"@id\":\"https:\\\/\\\/passhlondyn.eu\\\/?page_id=2812#breadcrumb\",\"itemListElement\":[{\"@type\":\"ListItem\",\"position\":1,\"name\":\"Home\",\"item\":\"https:\\\/\\\/passhlondyn.eu\\\/\"},{\"@type\":\"ListItem\",\"position\":2,\"name\":\"Ostatnie publikacje\"}]},{\"@type\":\"WebSite\",\"@id\":\"https:\\\/\\\/passhlondyn.eu\\\/#website\",\"url\":\"https:\\\/\\\/passhlondyn.eu\\\/\",\"name\":\"Polish Academy of Social Sciences and Humanities\",\"description\":\"\",\"publisher\":{\"@id\":\"https:\\\/\\\/passhlondyn.eu\\\/#organization\"},\"potentialAction\":[{\"@type\":\"SearchAction\",\"target\":{\"@type\":\"EntryPoint\",\"urlTemplate\":\"https:\\\/\\\/passhlondyn.eu\\\/?s={search_term_string}\"},\"query-input\":{\"@type\":\"PropertyValueSpecification\",\"valueRequired\":true,\"valueName\":\"search_term_string\"}}],\"inLanguage\":\"pl-PL\"},{\"@type\":\"Organization\",\"@id\":\"https:\\\/\\\/passhlondyn.eu\\\/#organization\",\"name\":\"Polish Academy of Social Sciences and Humanities\",\"url\":\"https:\\\/\\\/passhlondyn.eu\\\/\",\"logo\":{\"@type\":\"ImageObject\",\"inLanguage\":\"pl-PL\",\"@id\":\"https:\\\/\\\/passhlondyn.eu\\\/#\\\/schema\\\/logo\\\/image\\\/\",\"url\":\"https:\\\/\\\/passhlondyn.eu\\\/wp-content\\\/uploads\\\/2021\\\/10\\\/cropped-Projekt-bez-tytulu-8.png\",\"contentUrl\":\"https:\\\/\\\/passhlondyn.eu\\\/wp-content\\\/uploads\\\/2021\\\/10\\\/cropped-Projekt-bez-tytulu-8.png\",\"width\":6911,\"height\":1557,\"caption\":\"Polish Academy of Social Sciences and Humanities\"},\"image\":{\"@id\":\"https:\\\/\\\/passhlondyn.eu\\\/#\\\/schema\\\/logo\\\/image\\\/\"}}]}<\/script>\n<!-- \/ Yoast SEO plugin. -->","yoast_head_json":{"title":"Ostatnie publikacje - Polish Academy of Social Sciences and Humanities","robots":{"index":"index","follow":"follow","max-snippet":"max-snippet:-1","max-image-preview":"max-image-preview:large","max-video-preview":"max-video-preview:-1"},"canonical":"https:\/\/passhlondyn.eu\/?page_id=2812","og_locale":"pl_PL","og_type":"article","og_title":"Ostatnie publikacje - Polish Academy of Social Sciences and Humanities","og_description":"Wspolczesne wyzwania edukacji, kultury, prawa i \u015brodowiska do pobrania.pdf \u015awiat edukacji polonijnej &#8211; do pobrania Cz\u0142owiek jako architekt \u017cycia &#8211; do pobrania J\u0119zyk angielski w praktyce &#8211; do pobrania\u00a0 Kompendium ...","og_url":"https:\/\/passhlondyn.eu\/?page_id=2812","og_site_name":"Polish Academy of Social Sciences and Humanities","article_modified_time":"2026-02-23T12:11:28+00:00","og_image":[{"url":"http:\/\/passhlondyn.eu\/wp-content\/uploads\/2026\/02\/Bez-tytulu-209x300.png","type":"","width":"","height":""}],"twitter_card":"summary_large_image","twitter_misc":{"Szacowany czas czytania":"2 minuty"},"schema":{"@context":"https:\/\/schema.org","@graph":[{"@type":"WebPage","@id":"https:\/\/passhlondyn.eu\/?page_id=2812","url":"https:\/\/passhlondyn.eu\/?page_id=2812","name":"Ostatnie publikacje - Polish Academy of Social Sciences and Humanities","isPartOf":{"@id":"https:\/\/passhlondyn.eu\/#website"},"primaryImageOfPage":{"@id":"https:\/\/passhlondyn.eu\/?page_id=2812#primaryimage"},"image":{"@id":"https:\/\/passhlondyn.eu\/?page_id=2812#primaryimage"},"thumbnailUrl":"http:\/\/passhlondyn.eu\/wp-content\/uploads\/2026\/02\/Bez-tytulu-209x300.png","datePublished":"2021-02-04T20:06:52+00:00","dateModified":"2026-02-23T12:11:28+00:00","breadcrumb":{"@id":"https:\/\/passhlondyn.eu\/?page_id=2812#breadcrumb"},"inLanguage":"pl-PL","potentialAction":[{"@type":"ReadAction","target":["https:\/\/passhlondyn.eu\/?page_id=2812"]}]},{"@type":"ImageObject","inLanguage":"pl-PL","@id":"https:\/\/passhlondyn.eu\/?page_id=2812#primaryimage","url":"https:\/\/passhlondyn.eu\/wp-content\/uploads\/2026\/02\/Bez-tytulu.png","contentUrl":"https:\/\/passhlondyn.eu\/wp-content\/uploads\/2026\/02\/Bez-tytulu.png","width":573,"height":824},{"@type":"BreadcrumbList","@id":"https:\/\/passhlondyn.eu\/?page_id=2812#breadcrumb","itemListElement":[{"@type":"ListItem","position":1,"name":"Home","item":"https:\/\/passhlondyn.eu\/"},{"@type":"ListItem","position":2,"name":"Ostatnie publikacje"}]},{"@type":"WebSite","@id":"https:\/\/passhlondyn.eu\/#website","url":"https:\/\/passhlondyn.eu\/","name":"Polish Academy of Social Sciences and Humanities","description":"","publisher":{"@id":"https:\/\/passhlondyn.eu\/#organization"},"potentialAction":[{"@type":"SearchAction","target":{"@type":"EntryPoint","urlTemplate":"https:\/\/passhlondyn.eu\/?s={search_term_string}"},"query-input":{"@type":"PropertyValueSpecification","valueRequired":true,"valueName":"search_term_string"}}],"inLanguage":"pl-PL"},{"@type":"Organization","@id":"https:\/\/passhlondyn.eu\/#organization","name":"Polish Academy of Social Sciences and Humanities","url":"https:\/\/passhlondyn.eu\/","logo":{"@type":"ImageObject","inLanguage":"pl-PL","@id":"https:\/\/passhlondyn.eu\/#\/schema\/logo\/image\/","url":"https:\/\/passhlondyn.eu\/wp-content\/uploads\/2021\/10\/cropped-Projekt-bez-tytulu-8.png","contentUrl":"https:\/\/passhlondyn.eu\/wp-content\/uploads\/2021\/10\/cropped-Projekt-bez-tytulu-8.png","width":6911,"height":1557,"caption":"Polish Academy of Social Sciences and Humanities"},"image":{"@id":"https:\/\/passhlondyn.eu\/#\/schema\/logo\/image\/"}}]}},"_links":{"self":[{"href":"https:\/\/passhlondyn.eu\/index.php?rest_route=\/wp\/v2\/pages\/2812","targetHints":{"allow":["GET"]}}],"collection":[{"href":"https:\/\/passhlondyn.eu\/index.php?rest_route=\/wp\/v2\/pages"}],"about":[{"href":"https:\/\/passhlondyn.eu\/index.php?rest_route=\/wp\/v2\/types\/page"}],"author":[{"embeddable":true,"href":"https:\/\/passhlondyn.eu\/index.php?rest_route=\/wp\/v2\/users\/1"}],"replies":[{"embeddable":true,"href":"https:\/\/passhlondyn.eu\/index.php?rest_route=%2Fwp%2Fv2%2Fcomments&post=2812"}],"version-history":[{"count":136,"href":"https:\/\/passhlondyn.eu\/index.php?rest_route=\/wp\/v2\/pages\/2812\/revisions"}],"predecessor-version":[{"id":16876,"href":"https:\/\/passhlondyn.eu\/index.php?rest_route=\/wp\/v2\/pages\/2812\/revisions\/16876"}],"wp:attachment":[{"href":"https:\/\/passhlondyn.eu\/index.php?rest_route=%2Fwp%2Fv2%2Fmedia&parent=2812"}],"curies":[{"name":"wp","href":"https:\/\/api.w.org\/{rel}","templated":true}]}}