{"id":6782,"date":"2022-04-10T18:00:03","date_gmt":"2022-04-10T16:00:03","guid":{"rendered":"https:\/\/passhlondyn.eu\/?page_id=6782"},"modified":"2022-07-06T14:48:27","modified_gmt":"2022-07-06T12:48:27","slug":"zakladka-5","status":"publish","type":"page","link":"https:\/\/passhlondyn.eu\/?page_id=6782","title":{"rendered":"Cennik kurs\u00f3w"},"content":{"rendered":"\t\t<div data-elementor-type=\"wp-page\" data-elementor-id=\"6782\" class=\"elementor elementor-6782\" data-elementor-post-type=\"page\">\n\t\t\t\t\t\t<section class=\"elementor-section elementor-top-section elementor-element elementor-element-d41f447 elementor-section-boxed elementor-section-height-default elementor-section-height-default\" data-id=\"d41f447\" data-element_type=\"section\" data-e-type=\"section\">\n\t\t\t\t\t\t<div class=\"elementor-container elementor-column-gap-default\">\n\t\t\t\t\t<div class=\"elementor-column elementor-col-100 elementor-top-column elementor-element elementor-element-515dca4\" data-id=\"515dca4\" data-element_type=\"column\" data-e-type=\"column\">\n\t\t\t<div class=\"elementor-widget-wrap elementor-element-populated\">\n\t\t\t\t\t\t<div class=\"elementor-element elementor-element-3d5efd7 elementor-widget elementor-widget-text-editor\" data-id=\"3d5efd7\" data-element_type=\"widget\" data-e-type=\"widget\" data-widget_type=\"text-editor.default\">\n\t\t\t\t<div class=\"elementor-widget-container\">\n\t\t\t\t\t\t\t\t\t<table width=\"625\"><tbody><tr><td width=\"42\"><p><strong>L.p.<\/strong><\/p><\/td><td width=\"317\"><p><strong>Rodzaj zaj\u0119\u0107<\/strong><\/p><\/td><td width=\"126\"><p><strong>Liczba godzin lekcyjnych<\/strong><\/p><\/td><td width=\"140\"><p><strong>Cena<\/strong><\/p><\/td><\/tr><tr><td width=\"42\"><p>1.\u00a0\u00a0\u00a0 \u00a0<\/p><\/td><td width=\"317\"><p>Zaj\u0119cia indywidualne do 6 godzin lekcyjnych (spotkanie dwie godziny lekcyjne)<\/p><p>Powy\u017cej 6 godzin lekcyjnych (spotkanie dwie godziny lekcyjne)<\/p><\/td><td width=\"126\"><p>2<\/p><\/td><td width=\"140\"><p>30.00 GBP<\/p><p>25.00 GBP<\/p><\/td><\/tr><tr><td width=\"42\"><p>2.<\/p><\/td><td width=\"317\"><p>Zaj\u0119cia grupowe (kursy semestralne) &#8211;\u00a0 4 osoby w grupie maksymalnie do\u00a0\u00a0 6 \u2013 os\u00f3b\u00a0 \u00a0 (2 x w tygodniu po dwie godziny lekcyjne)\u00a0\u00a0\u00a0\u00a0\u00a0\u00a0\u00a0\u00a0\u00a0\u00a0\u00a0\u00a0\u00a0\u00a0\u00a0\u00a0\u00a0\u00a0\u00a0\u00a0\u00a0\u00a0\u00a0\u00a0\u00a0\u00a0\u00a0\u00a0\u00a0\u00a0\u00a0\u00a0\u00a0\u00a0\u00a0\u00a0\u00a0\u00a0\u00a0\u00a0\u00a0\u00a0\u00a0\u00a0\u00a0\u00a0<\/p><\/td><td width=\"126\"><p>68<\/p><\/td><td width=\"140\"><p>300.00 GBP<\/p><\/td><\/tr><tr><td width=\"42\"><p>3.<\/p><\/td><td width=\"317\"><p>Kurs semestralny medyczny j\u0119zyka polskiego \u2013 4 do 6 os\u00f3b w grupie (3 x w tygodniu po dwie godziny lekcyjne)\u00a0\u00a0\u00a0\u00a0\u00a0\u00a0\u00a0\u00a0\u00a0\u00a0\u00a0\u00a0\u00a0<\/p><\/td><td width=\"126\"><p>72<\/p><\/td><td width=\"140\"><p>360.00 GBP + op\u0142ata rejestracyjna 20.00 GBP<\/p><\/td><\/tr><tr><td width=\"42\"><p>4.<\/p><\/td><td width=\"317\"><p>Kurs semestralny biznesowy j\u0119zyka polskiego \u2013 4 do 6 os\u00f3b w grupie (3 x w tygodniu po dwie godziny lekcyjne)<\/p><\/td><td width=\"126\"><p>72<\/p><\/td><td width=\"140\"><p>360.00 GBP + opata rejestracyjna 20.00 GBP<\/p><\/td><\/tr><tr><td width=\"42\"><p>5.<\/p><\/td><td width=\"317\"><p>Kurs specjalistyczny \u2013 \u201eSzukam pracy w Polsce\u201d. Intensywny kurs czterotygodniowy. Minimum 4 osoby w grupie (5 x w tygodniu po dwie godziny lekcyjne).<\/p><\/td><td width=\"126\"><p>40<\/p><\/td><td width=\"140\"><p>250.00 GBP + op\u0142ata rejestracyjna 10.00 GBP \u00a0<\/p><\/td><\/tr><tr><td width=\"42\"><p>6.<\/p><\/td><td width=\"317\"><p>Intensywne grupowe kursy wakacyjne na wszystkich poziomach nauczania (5 x w tygodniu po dwie godziny lekcyjne przez trzy tygodnie) minimum 4 osoby w grupie<\/p><\/td><td width=\"126\"><p>30<\/p><\/td><td width=\"140\"><p>190.00 GBP<\/p><\/td><\/tr><\/tbody><\/table>\t\t\t\t\t\t\t\t<\/div>\n\t\t\t\t<\/div>\n\t\t\t\t\t<\/div>\n\t\t<\/div>\n\t\t\t\t\t<\/div>\n\t\t<\/section>\n\t\t\t\t<section class=\"elementor-section elementor-top-section elementor-element elementor-element-729a91a elementor-section-boxed elementor-section-height-default elementor-section-height-default\" data-id=\"729a91a\" data-element_type=\"section\" data-e-type=\"section\">\n\t\t\t\t\t\t<div class=\"elementor-container elementor-column-gap-default\">\n\t\t\t\t\t<div class=\"elementor-column elementor-col-100 elementor-top-column elementor-element elementor-element-83d7877\" data-id=\"83d7877\" data-element_type=\"column\" data-e-type=\"column\">\n\t\t\t<div class=\"elementor-widget-wrap elementor-element-populated\">\n\t\t\t\t\t\t<div class=\"elementor-element elementor-element-a12e48a elementor-widget elementor-widget-text-editor\" data-id=\"a12e48a\" data-element_type=\"widget\" data-e-type=\"widget\" data-widget_type=\"text-editor.default\">\n\t\t\t\t<div class=\"elementor-widget-container\">\n\t\t\t\t\t\t\t\t\t<table width=\"736\"><tbody><tr><td width=\"31\">\u00a0<\/td><td width=\"452\"><p><strong>Type of course<\/strong><\/p><\/td><td width=\"86\"><p><strong>Number of<\/strong><\/p><p><strong>hours\u00a0 <\/strong><\/p><\/td><td width=\"167\"><p><strong>Price<\/strong><\/p><\/td><\/tr><tr><td width=\"31\"><p>1.<\/p><\/td><td width=\"452\"><p>Individual classes up to 6 lessons ( two hour lesson )<\/p><p>More than 6 lesson hours ( two hour lesson )<\/p><\/td><td width=\"86\"><p>2<\/p><\/td><td width=\"167\"><p>\u00a330.00<\/p><p>\u00a325.00<\/p><\/td><\/tr><tr><td width=\"31\"><p>2.<\/p><\/td><td width=\"452\"><p>Group classes (semester courses) &#8211; 4 people in a group of up to 6 &#8211; people (2 x per week &#8211; two hour lessons)<\/p><\/td><td width=\"86\"><p>68<\/p><\/td><td width=\"167\"><p>\u00a3300.00<\/p><\/td><\/tr><tr><td width=\"31\"><p>3.<\/p><\/td><td width=\"452\"><p>Polish-language medical terminology programme &#8211; 4 to 6 participants per group (3 x per week, 2 hour lessons)<\/p><\/td><td width=\"86\"><p>72<\/p><\/td><td width=\"167\"><p>\u00a3360. + registration fee<br \/>\u00a320.00<\/p><\/td><\/tr><tr><td width=\"31\"><p>4.<\/p><\/td><td width=\"452\"><p>Polish business language terminology course &#8211; 4 to 6 participants per group (3 x per week, 2 hour lessons)<\/p><\/td><td width=\"86\"><p>72<\/p><\/td><td width=\"167\"><p>\u00a3360. + registration fee <br \/>\u00a320.00<\/p><\/td><\/tr><tr><td width=\"31\"><p>5.<\/p><\/td><td width=\"452\"><p>Professional course &#8211; 'I am looking for a job in Poland&#8217;. Intensive four-week course. Minimum of 4 students per group (5 x per week, 2 hour lessons).<\/p><\/td><td width=\"86\"><p>40<\/p><\/td><td width=\"167\"><p>\u00a3250.00 + registration fee <br \/>\u00a310.00<\/p><\/td><\/tr><tr><td width=\"31\"><p>6.<\/p><\/td><td width=\"452\"><p>Intensive group holiday courses at all levels (5 x per week with two hour lessons for three weeks) with a minimum of 4 participants per group<\/p><\/td><td width=\"86\"><p>30<\/p><\/td><td width=\"167\"><p>\u00a3190.00<\/p><\/td><\/tr><\/tbody><\/table>\t\t\t\t\t\t\t\t<\/div>\n\t\t\t\t<\/div>\n\t\t\t\t\t<\/div>\n\t\t<\/div>\n\t\t\t\t\t<\/div>\n\t\t<\/section>\n\t\t\t\t<section class=\"elementor-section elementor-top-section elementor-element elementor-element-188e095 elementor-section-boxed elementor-section-height-default elementor-section-height-default\" data-id=\"188e095\" data-element_type=\"section\" data-e-type=\"section\">\n\t\t\t\t\t\t<div class=\"elementor-container elementor-column-gap-default\">\n\t\t\t\t\t<div class=\"elementor-column elementor-col-100 elementor-top-column elementor-element elementor-element-aa129a1\" data-id=\"aa129a1\" data-element_type=\"column\" data-e-type=\"column\">\n\t\t\t<div class=\"elementor-widget-wrap elementor-element-populated\">\n\t\t\t\t\t\t<div class=\"elementor-element elementor-element-1849b15 elementor-widget elementor-widget-text-editor\" data-id=\"1849b15\" data-element_type=\"widget\" data-e-type=\"widget\" data-widget_type=\"text-editor.default\">\n\t\t\t\t<div class=\"elementor-widget-container\">\n\t\t\t\t\t\t\t\t\t<p><strong><span style=\"color: #993300;\">P\u0142atno\u015bci\/Payment<\/span><\/strong><\/p><p>POLISH ACADEMY OF SOCIAL SCIENCES AND HUMANITIES LTD<\/p><p>account number (numer konta): 36610194 \u00a0<\/p><p>sort code (numer oddzia\u0142u) : 04-00-75<\/p><p>IBAN: GB27 REVO 0099 6931 2030 19 \u00a0<\/p><p>BIC: REVOGB21<\/p><p>Bank\/Payment institution: Revolut<\/p>\t\t\t\t\t\t\t\t<\/div>\n\t\t\t\t<\/div>\n\t\t\t\t\t<\/div>\n\t\t<\/div>\n\t\t\t\t\t<\/div>\n\t\t<\/section>\n\t\t\t\t<\/div>\n\t\t","protected":false},"excerpt":{"rendered":"<p>L.p. Rodzaj zaj\u0119\u0107 Liczba godzin lekcyjnych Cena 1.\u00a0\u00a0\u00a0 \u00a0 Zaj\u0119cia indywidualne do 6 godzin lekcyjnych (spotkanie dwie godziny lekcyjne) Powy\u017cej 6 godzin lekcyjnych (spotkanie dwie godziny lekcyjne) 2 30.00 GBP &#8230;<\/p>\n","protected":false},"author":1,"featured_media":0,"parent":0,"menu_order":0,"comment_status":"closed","ping_status":"closed","template":"","meta":{"footnotes":""},"class_list":["post-6782","page","type-page","status-publish","hentry"],"yoast_head":"<!-- This site is optimized with the Yoast SEO plugin v27.5 - https:\/\/yoast.com\/product\/yoast-seo-wordpress\/ -->\n<title>Cennik kurs\u00f3w - Polish Academy of Social Sciences and Humanities<\/title>\n<meta name=\"robots\" content=\"index, follow, max-snippet:-1, max-image-preview:large, max-video-preview:-1\" \/>\n<link rel=\"canonical\" href=\"https:\/\/passhlondyn.eu\/?page_id=6782\" \/>\n<meta property=\"og:locale\" content=\"pl_PL\" \/>\n<meta property=\"og:type\" content=\"article\" \/>\n<meta property=\"og:title\" content=\"Cennik kurs\u00f3w - Polish Academy of Social Sciences and Humanities\" \/>\n<meta property=\"og:description\" content=\"L.p. Rodzaj zaj\u0119\u0107 Liczba godzin lekcyjnych Cena 1.\u00a0\u00a0\u00a0 \u00a0 Zaj\u0119cia indywidualne do 6 godzin lekcyjnych (spotkanie dwie godziny lekcyjne) Powy\u017cej 6 godzin lekcyjnych (spotkanie dwie godziny lekcyjne) 2 30.00 GBP ...\" \/>\n<meta property=\"og:url\" content=\"https:\/\/passhlondyn.eu\/?page_id=6782\" \/>\n<meta property=\"og:site_name\" content=\"Polish Academy of Social Sciences and Humanities\" \/>\n<meta property=\"article:modified_time\" content=\"2022-07-06T12:48:27+00:00\" \/>\n<meta name=\"twitter:card\" content=\"summary_large_image\" \/>\n<meta name=\"twitter:label1\" content=\"Szacowany czas czytania\" \/>\n\t<meta name=\"twitter:data1\" content=\"3 minuty\" \/>\n<script type=\"application\/ld+json\" class=\"yoast-schema-graph\">{\"@context\":\"https:\\\/\\\/schema.org\",\"@graph\":[{\"@type\":\"WebPage\",\"@id\":\"https:\\\/\\\/passhlondyn.eu\\\/?page_id=6782\",\"url\":\"https:\\\/\\\/passhlondyn.eu\\\/?page_id=6782\",\"name\":\"Cennik kurs\u00f3w - Polish Academy of Social Sciences and Humanities\",\"isPartOf\":{\"@id\":\"https:\\\/\\\/passhlondyn.eu\\\/#website\"},\"datePublished\":\"2022-04-10T16:00:03+00:00\",\"dateModified\":\"2022-07-06T12:48:27+00:00\",\"breadcrumb\":{\"@id\":\"https:\\\/\\\/passhlondyn.eu\\\/?page_id=6782#breadcrumb\"},\"inLanguage\":\"pl-PL\",\"potentialAction\":[{\"@type\":\"ReadAction\",\"target\":[\"https:\\\/\\\/passhlondyn.eu\\\/?page_id=6782\"]}]},{\"@type\":\"BreadcrumbList\",\"@id\":\"https:\\\/\\\/passhlondyn.eu\\\/?page_id=6782#breadcrumb\",\"itemListElement\":[{\"@type\":\"ListItem\",\"position\":1,\"name\":\"Home\",\"item\":\"https:\\\/\\\/passhlondyn.eu\\\/\"},{\"@type\":\"ListItem\",\"position\":2,\"name\":\"Cennik kurs\u00f3w\"}]},{\"@type\":\"WebSite\",\"@id\":\"https:\\\/\\\/passhlondyn.eu\\\/#website\",\"url\":\"https:\\\/\\\/passhlondyn.eu\\\/\",\"name\":\"Polish Academy of Social Sciences and Humanities\",\"description\":\"\",\"publisher\":{\"@id\":\"https:\\\/\\\/passhlondyn.eu\\\/#organization\"},\"potentialAction\":[{\"@type\":\"SearchAction\",\"target\":{\"@type\":\"EntryPoint\",\"urlTemplate\":\"https:\\\/\\\/passhlondyn.eu\\\/?s={search_term_string}\"},\"query-input\":{\"@type\":\"PropertyValueSpecification\",\"valueRequired\":true,\"valueName\":\"search_term_string\"}}],\"inLanguage\":\"pl-PL\"},{\"@type\":\"Organization\",\"@id\":\"https:\\\/\\\/passhlondyn.eu\\\/#organization\",\"name\":\"Polish Academy of Social Sciences and Humanities\",\"url\":\"https:\\\/\\\/passhlondyn.eu\\\/\",\"logo\":{\"@type\":\"ImageObject\",\"inLanguage\":\"pl-PL\",\"@id\":\"https:\\\/\\\/passhlondyn.eu\\\/#\\\/schema\\\/logo\\\/image\\\/\",\"url\":\"https:\\\/\\\/passhlondyn.eu\\\/wp-content\\\/uploads\\\/2021\\\/10\\\/cropped-Projekt-bez-tytulu-8.png\",\"contentUrl\":\"https:\\\/\\\/passhlondyn.eu\\\/wp-content\\\/uploads\\\/2021\\\/10\\\/cropped-Projekt-bez-tytulu-8.png\",\"width\":6911,\"height\":1557,\"caption\":\"Polish Academy of Social Sciences and Humanities\"},\"image\":{\"@id\":\"https:\\\/\\\/passhlondyn.eu\\\/#\\\/schema\\\/logo\\\/image\\\/\"}}]}<\/script>\n<!-- \/ Yoast SEO plugin. -->","yoast_head_json":{"title":"Cennik kurs\u00f3w - Polish Academy of Social Sciences and Humanities","robots":{"index":"index","follow":"follow","max-snippet":"max-snippet:-1","max-image-preview":"max-image-preview:large","max-video-preview":"max-video-preview:-1"},"canonical":"https:\/\/passhlondyn.eu\/?page_id=6782","og_locale":"pl_PL","og_type":"article","og_title":"Cennik kurs\u00f3w - Polish Academy of Social Sciences and Humanities","og_description":"L.p. Rodzaj zaj\u0119\u0107 Liczba godzin lekcyjnych Cena 1.\u00a0\u00a0\u00a0 \u00a0 Zaj\u0119cia indywidualne do 6 godzin lekcyjnych (spotkanie dwie godziny lekcyjne) Powy\u017cej 6 godzin lekcyjnych (spotkanie dwie godziny lekcyjne) 2 30.00 GBP ...","og_url":"https:\/\/passhlondyn.eu\/?page_id=6782","og_site_name":"Polish Academy of Social Sciences and Humanities","article_modified_time":"2022-07-06T12:48:27+00:00","twitter_card":"summary_large_image","twitter_misc":{"Szacowany czas czytania":"3 minuty"},"schema":{"@context":"https:\/\/schema.org","@graph":[{"@type":"WebPage","@id":"https:\/\/passhlondyn.eu\/?page_id=6782","url":"https:\/\/passhlondyn.eu\/?page_id=6782","name":"Cennik kurs\u00f3w - Polish Academy of Social Sciences and Humanities","isPartOf":{"@id":"https:\/\/passhlondyn.eu\/#website"},"datePublished":"2022-04-10T16:00:03+00:00","dateModified":"2022-07-06T12:48:27+00:00","breadcrumb":{"@id":"https:\/\/passhlondyn.eu\/?page_id=6782#breadcrumb"},"inLanguage":"pl-PL","potentialAction":[{"@type":"ReadAction","target":["https:\/\/passhlondyn.eu\/?page_id=6782"]}]},{"@type":"BreadcrumbList","@id":"https:\/\/passhlondyn.eu\/?page_id=6782#breadcrumb","itemListElement":[{"@type":"ListItem","position":1,"name":"Home","item":"https:\/\/passhlondyn.eu\/"},{"@type":"ListItem","position":2,"name":"Cennik kurs\u00f3w"}]},{"@type":"WebSite","@id":"https:\/\/passhlondyn.eu\/#website","url":"https:\/\/passhlondyn.eu\/","name":"Polish Academy of Social Sciences and Humanities","description":"","publisher":{"@id":"https:\/\/passhlondyn.eu\/#organization"},"potentialAction":[{"@type":"SearchAction","target":{"@type":"EntryPoint","urlTemplate":"https:\/\/passhlondyn.eu\/?s={search_term_string}"},"query-input":{"@type":"PropertyValueSpecification","valueRequired":true,"valueName":"search_term_string"}}],"inLanguage":"pl-PL"},{"@type":"Organization","@id":"https:\/\/passhlondyn.eu\/#organization","name":"Polish Academy of Social Sciences and Humanities","url":"https:\/\/passhlondyn.eu\/","logo":{"@type":"ImageObject","inLanguage":"pl-PL","@id":"https:\/\/passhlondyn.eu\/#\/schema\/logo\/image\/","url":"https:\/\/passhlondyn.eu\/wp-content\/uploads\/2021\/10\/cropped-Projekt-bez-tytulu-8.png","contentUrl":"https:\/\/passhlondyn.eu\/wp-content\/uploads\/2021\/10\/cropped-Projekt-bez-tytulu-8.png","width":6911,"height":1557,"caption":"Polish Academy of Social Sciences and Humanities"},"image":{"@id":"https:\/\/passhlondyn.eu\/#\/schema\/logo\/image\/"}}]}},"_links":{"self":[{"href":"https:\/\/passhlondyn.eu\/index.php?rest_route=\/wp\/v2\/pages\/6782","targetHints":{"allow":["GET"]}}],"collection":[{"href":"https:\/\/passhlondyn.eu\/index.php?rest_route=\/wp\/v2\/pages"}],"about":[{"href":"https:\/\/passhlondyn.eu\/index.php?rest_route=\/wp\/v2\/types\/page"}],"author":[{"embeddable":true,"href":"https:\/\/passhlondyn.eu\/index.php?rest_route=\/wp\/v2\/users\/1"}],"replies":[{"embeddable":true,"href":"https:\/\/passhlondyn.eu\/index.php?rest_route=%2Fwp%2Fv2%2Fcomments&post=6782"}],"version-history":[{"count":38,"href":"https:\/\/passhlondyn.eu\/index.php?rest_route=\/wp\/v2\/pages\/6782\/revisions"}],"predecessor-version":[{"id":7723,"href":"https:\/\/passhlondyn.eu\/index.php?rest_route=\/wp\/v2\/pages\/6782\/revisions\/7723"}],"wp:attachment":[{"href":"https:\/\/passhlondyn.eu\/index.php?rest_route=%2Fwp%2Fv2%2Fmedia&parent=6782"}],"curies":[{"name":"wp","href":"https:\/\/api.w.org\/{rel}","templated":true}]}}